{"id":3340,"date":"2023-01-18T19:14:27","date_gmt":"2023-01-18T18:14:27","guid":{"rendered":"http:\/\/www.chorale-aideo.fr\/?post_type=tribe_events&#038;p=3340"},"modified":"2023-03-22T11:26:12","modified_gmt":"2023-03-22T10:26:12","slug":"concert-solidaire","status":"publish","type":"tribe_events","link":"https:\/\/www.chorale-aideo.fr\/index.php\/event\/concert-solidaire\/","title":{"rendered":"Concert solidaire"},"content":{"rendered":"<p><img loading=\"lazy\" decoding=\"async\" class=\"alignnone size-medium wp-image-3403\" src=\"https:\/\/www.chorale-aideo.fr\/wp-content\/uploads\/2023\/02\/affiche-concert-mail-212x300.jpg\" alt=\"\" width=\"212\" height=\"300\" srcset=\"https:\/\/www.chorale-aideo.fr\/wp-content\/uploads\/2023\/02\/affiche-concert-mail-212x300.jpg 212w, https:\/\/www.chorale-aideo.fr\/wp-content\/uploads\/2023\/02\/affiche-concert-mail.jpg 430w\" sizes=\"auto, (max-width: 212px) 100vw, 212px\" \/>Avec le groupe Mazel Combo (<a href=\"https:\/\/mazelcombo.jimdofree.com\/)\">https:\/\/mazelcombo.jimdofree.com\/)<\/a><\/p>\n<p>Ziambe O<\/p>\n<p>Couleur caf\u00e9<\/p>\n<p>Les p&#8217;tits caf\u00e9s<\/p>\n<p>T&#8217;as beau pas \u00eatre beau<\/p>\n<p>Eatneman Vuelie<\/p>\n<p>Asimbonanga<\/p>\n<p>J&#8217;veux du soleil<\/p>\n<p>Retiens la nuit<\/p>\n<p>Everybody sing Freedom<\/p>\n<p>Ballade Nord-Irlandaise<\/p>\n<p>Rendez-vous 19h00<\/p>\n<p>\u00c9chauffement 19h15 au sous-sol de l&#8217;\u00e9glise.<\/p>\n<p>Mazel Combo 20h00<\/p>\n<p>A\u00efdeo 20h45<\/p>\n<p>&nbsp;<\/p>\n<p>&nbsp;<\/p>\n","protected":false},"excerpt":{"rendered":"<p>Avec le groupe Mazel Combo (https:\/\/mazelcombo.jimdofree.com\/) Ziambe O Couleur caf\u00e9 Les p&#8217;tits caf\u00e9s T&#8217;as beau pas \u00eatre beau Eatneman Vuelie Asimbonanga J&#8217;veux du soleil Retiens la nuit Everybody sing Freedom Ballade Nord-Irlandaise Rendez-vous 19h00 \u00c9chauffement 19h15 au sous-sol de l&#8217;\u00e9glise. [&hellip;]<\/p>\n","protected":false},"author":3,"featured_media":0,"template":"","meta":{"_tribe_events_status":"","_tribe_events_status_reason":"","footnotes":""},"tags":[],"tribe_events_cat":[167],"class_list":["post-3340","tribe_events","type-tribe_events","status-publish","hentry","tribe_events_cat-concert-aideo","cat_concert-aideo"],"_links":{"self":[{"href":"https:\/\/www.chorale-aideo.fr\/index.php\/wp-json\/wp\/v2\/tribe_events\/3340","targetHints":{"allow":["GET"]}}],"collection":[{"href":"https:\/\/www.chorale-aideo.fr\/index.php\/wp-json\/wp\/v2\/tribe_events"}],"about":[{"href":"https:\/\/www.chorale-aideo.fr\/index.php\/wp-json\/wp\/v2\/types\/tribe_events"}],"author":[{"embeddable":true,"href":"https:\/\/www.chorale-aideo.fr\/index.php\/wp-json\/wp\/v2\/users\/3"}],"version-history":[{"count":8,"href":"https:\/\/www.chorale-aideo.fr\/index.php\/wp-json\/wp\/v2\/tribe_events\/3340\/revisions"}],"predecessor-version":[{"id":3441,"href":"https:\/\/www.chorale-aideo.fr\/index.php\/wp-json\/wp\/v2\/tribe_events\/3340\/revisions\/3441"}],"wp:attachment":[{"href":"https:\/\/www.chorale-aideo.fr\/index.php\/wp-json\/wp\/v2\/media?parent=3340"}],"wp:term":[{"taxonomy":"post_tag","embeddable":true,"href":"https:\/\/www.chorale-aideo.fr\/index.php\/wp-json\/wp\/v2\/tags?post=3340"},{"taxonomy":"tribe_events_cat","embeddable":true,"href":"https:\/\/www.chorale-aideo.fr\/index.php\/wp-json\/wp\/v2\/tribe_events_cat?post=3340"}],"curies":[{"name":"wp","href":"https:\/\/api.w.org\/{rel}","templated":true}]}}

<p><img loading="lazy" decoding="async" class="alignnone size-medium wp-image-3403" src="https://www.chorale-aideo.fr/wp-content/uploads/2023/02/affiche-concert-mail-212x300.jpg" alt="" width="212" height="300" srcset="https://www.chorale-aideo.fr/wp-content/uploads/2023/02/affiche-concert-mail-212x300.jpg 212w, https://www.chorale-aideo.fr/wp-content/uploads/2023/02/affiche-concert-mail.jpg 430w" sizes="auto, (max-width: 212px) 100vw, 212px" />Avec le groupe Mazel Combo (<a href="https://mazelcombo.jimdofree.com/)">https://mazelcombo.jimdofree.com/)</a></p>
<p>Ziambe O</p>
<p>Couleur café</p>
<p>Les p&#8217;tits cafés</p>
<p>T&#8217;as beau pas être beau</p>
<p>Eatneman Vuelie</p>
<p>Asimbonanga</p>
<p>J&#8217;veux du soleil</p>
<p>Retiens la nuit</p>
<p>Everybody sing Freedom</p>
<p>Ballade Nord-Irlandaise</p>
<p>Rendez-vous 19h00</p>
<p>Échauffement 19h15 au sous-sol de l&#8217;église.</p>
<p>Mazel Combo 20h00</p>
<p>Aïdeo 20h45</p>
<p>&nbsp;</p>
<p>&nbsp;</p>

<p>Avec le groupe Mazel Combo (https://mazelcombo.jimdofree.com/) Ziambe O Couleur café Les p&#8217;tits cafés T&#8217;as beau pas être beau Eatneman Vuelie Asimbonanga J&#8217;veux du soleil Retiens la nuit Everybody sing Freedom Ballade Nord-Irlandaise Rendez-vous 19h00 Échauffement 19h15 au sous-sol de l&#8217;église. [&hellip;]</p>
