{"id":3342,"date":"2023-01-18T19:33:36","date_gmt":"2023-01-18T18:33:36","guid":{"rendered":"http:\/\/www.chorale-aideo.fr\/?post_type=tribe_events&#038;p=3342"},"modified":"2023-06-15T08:18:13","modified_gmt":"2023-06-15T06:18:13","slug":"festival-musifonies","status":"publish","type":"tribe_events","link":"https:\/\/www.chorale-aideo.fr\/index.php\/event\/festival-musifonies\/","title":{"rendered":"Festival &#8220;Musiphonies&#8221;"},"content":{"rendered":"<p><img loading=\"lazy\" decoding=\"async\" class=\"alignnone size-medium wp-image-3538\" src=\"https:\/\/www.chorale-aideo.fr\/wp-content\/uploads\/2023\/06\/affiche-10-6-23-197x300.png\" alt=\"\" width=\"197\" height=\"300\" srcset=\"https:\/\/www.chorale-aideo.fr\/wp-content\/uploads\/2023\/06\/affiche-10-6-23-197x300.png 197w, https:\/\/www.chorale-aideo.fr\/wp-content\/uploads\/2023\/06\/affiche-10-6-23-673x1024.png 673w, https:\/\/www.chorale-aideo.fr\/wp-content\/uploads\/2023\/06\/affiche-10-6-23-768x1168.png 768w, https:\/\/www.chorale-aideo.fr\/wp-content\/uploads\/2023\/06\/affiche-10-6-23-1010x1536.png 1010w, https:\/\/www.chorale-aideo.fr\/wp-content\/uploads\/2023\/06\/affiche-10-6-23-1346x2048.png 1346w, https:\/\/www.chorale-aideo.fr\/wp-content\/uploads\/2023\/06\/affiche-10-6-23.png 1422w\" sizes=\"auto, (max-width: 197px) 100vw, 197px\" \/><\/p>\n<p>10h30 : Accueil<\/p>\n<p>11h-12h : R\u00e9p\u00e9tition du chant commun<\/p>\n<p>De 14h \u00e0 18h : 4 \u00e0 5 chorales se produisent (programme de 45 minutes)<\/p>\n<p>14h : Royal Voce<\/p>\n<p>14h45 : Dusza Polska<\/p>\n<p>15h30 : A\u00efdeo<\/p>\n<p>16h30 : Amundivilla<\/p>\n<p>17h15 : Am&#8217;Gospel et VCBG<\/p>\n<p>18h : Chant commun<\/p>\n<p>Pot offert par la municipalit\u00e9<\/p>\n<p>Repas partag\u00e9 avec tous les choristes<\/p>\n<p>Ziambe O<\/p>\n<p>Asimbonanga<\/p>\n<p>J&#8217;veux du soleil<\/p>\n<p><span style=\"font-size: 1rem;\">T&#8217;as beau pas \u00eatre beau<\/span><\/p>\n<p>Les mains d&#8217;or<\/p>\n<p>Eatnemen Vuelie<\/p>\n<p>Retiens la nuit<\/p>\n<p>Freedom<\/p>\n<p>Ballade nord-irlandaise<\/p>\n","protected":false},"excerpt":{"rendered":"<p>10h30 : Accueil 11h-12h : R\u00e9p\u00e9tition du chant commun De 14h \u00e0 18h : 4 \u00e0 5 chorales se produisent (programme de 45 minutes) 14h : Royal Voce 14h45 : Dusza Polska 15h30 : A\u00efdeo 16h30 : Amundivilla 17h15 : [&hellip;]<\/p>\n","protected":false},"author":3,"featured_media":0,"template":"","meta":{"_tribe_events_status":"","_tribe_events_status_reason":"","footnotes":""},"tags":[],"tribe_events_cat":[167],"class_list":["post-3342","tribe_events","type-tribe_events","status-publish","hentry","tribe_events_cat-concert-aideo","cat_concert-aideo"],"_links":{"self":[{"href":"https:\/\/www.chorale-aideo.fr\/index.php\/wp-json\/wp\/v2\/tribe_events\/3342","targetHints":{"allow":["GET"]}}],"collection":[{"href":"https:\/\/www.chorale-aideo.fr\/index.php\/wp-json\/wp\/v2\/tribe_events"}],"about":[{"href":"https:\/\/www.chorale-aideo.fr\/index.php\/wp-json\/wp\/v2\/types\/tribe_events"}],"author":[{"embeddable":true,"href":"https:\/\/www.chorale-aideo.fr\/index.php\/wp-json\/wp\/v2\/users\/3"}],"version-history":[{"count":6,"href":"https:\/\/www.chorale-aideo.fr\/index.php\/wp-json\/wp\/v2\/tribe_events\/3342\/revisions"}],"predecessor-version":[{"id":3557,"href":"https:\/\/www.chorale-aideo.fr\/index.php\/wp-json\/wp\/v2\/tribe_events\/3342\/revisions\/3557"}],"wp:attachment":[{"href":"https:\/\/www.chorale-aideo.fr\/index.php\/wp-json\/wp\/v2\/media?parent=3342"}],"wp:term":[{"taxonomy":"post_tag","embeddable":true,"href":"https:\/\/www.chorale-aideo.fr\/index.php\/wp-json\/wp\/v2\/tags?post=3342"},{"taxonomy":"tribe_events_cat","embeddable":true,"href":"https:\/\/www.chorale-aideo.fr\/index.php\/wp-json\/wp\/v2\/tribe_events_cat?post=3342"}],"curies":[{"name":"wp","href":"https:\/\/api.w.org\/{rel}","templated":true}]}}

<p><img loading="lazy" decoding="async" class="alignnone size-medium wp-image-3538" src="https://www.chorale-aideo.fr/wp-content/uploads/2023/06/affiche-10-6-23-197x300.png" alt="" width="197" height="300" srcset="https://www.chorale-aideo.fr/wp-content/uploads/2023/06/affiche-10-6-23-197x300.png 197w, https://www.chorale-aideo.fr/wp-content/uploads/2023/06/affiche-10-6-23-673x1024.png 673w, https://www.chorale-aideo.fr/wp-content/uploads/2023/06/affiche-10-6-23-768x1168.png 768w, https://www.chorale-aideo.fr/wp-content/uploads/2023/06/affiche-10-6-23-1010x1536.png 1010w, https://www.chorale-aideo.fr/wp-content/uploads/2023/06/affiche-10-6-23-1346x2048.png 1346w, https://www.chorale-aideo.fr/wp-content/uploads/2023/06/affiche-10-6-23.png 1422w" sizes="auto, (max-width: 197px) 100vw, 197px" /></p>
<p>10h30 : Accueil</p>
<p>11h-12h : Répétition du chant commun</p>
<p>De 14h à 18h : 4 à 5 chorales se produisent (programme de 45 minutes)</p>
<p>14h : Royal Voce</p>
<p>14h45 : Dusza Polska</p>
<p>15h30 : Aïdeo</p>
<p>16h30 : Amundivilla</p>
<p>17h15 : Am&#8217;Gospel et VCBG</p>
<p>18h : Chant commun</p>
<p>Pot offert par la municipalité</p>
<p>Repas partagé avec tous les choristes</p>
<p>Ziambe O</p>
<p>Asimbonanga</p>
<p>J&#8217;veux du soleil</p>
<p><span style="font-size: 1rem;">T&#8217;as beau pas être beau</span></p>
<p>Les mains d&#8217;or</p>
<p>Eatnemen Vuelie</p>
<p>Retiens la nuit</p>
<p>Freedom</p>
<p>Ballade nord-irlandaise</p>

<p>10h30 : Accueil 11h-12h : Répétition du chant commun De 14h à 18h : 4 à 5 chorales se produisent (programme de 45 minutes) 14h : Royal Voce 14h45 : Dusza Polska 15h30 : Aïdeo 16h30 : Amundivilla 17h15 : [&hellip;]</p>
