{"id":3347,"date":"2023-01-18T19:42:56","date_gmt":"2023-01-18T18:42:56","guid":{"rendered":"http:\/\/www.chorale-aideo.fr\/?post_type=tribe_events&#038;p=3347"},"modified":"2023-06-18T14:29:49","modified_gmt":"2023-06-18T12:29:49","slug":"fete-de-la-musique-2023","status":"publish","type":"tribe_events","link":"https:\/\/www.chorale-aideo.fr\/index.php\/event\/fete-de-la-musique-2023\/","title":{"rendered":"F\u00eate de la Musique 2023"},"content":{"rendered":"<p>19h00 : ARIOSO<\/p>\n<p>19h45 : EN VOITURE SIMONE<\/p>\n<p>20h30 : LES VOIX LIEES<\/p>\n<p>21h15 : TSITSINATELA<\/p>\n<p>22h00 : POLYKROM<\/p>\n<p>22h45 : A\u00cfDEO<\/p>\n<p>Ziambe O<\/p>\n<p>Asimbonanga<\/p>\n<p>Couleur Caf\u00e9<\/p>\n<p>Les p&#8217;tits caf\u00e9s<\/p>\n<p>J&#8217;veux du soleil<\/p>\n<p>T&#8217;as beau pas \u00eatre beau<\/p>\n<p>Les mains d&#8217;or<\/p>\n<p>Eatnemen Vuelie<\/p>\n<p>Retiens la nuit<\/p>\n<p>Freedom<\/p>\n<p>Ballade nord-irlandaise<\/p>\n","protected":false},"excerpt":{"rendered":"<p>19h00 : ARIOSO 19h45 : EN VOITURE SIMONE 20h30 : LES VOIX LIEES 21h15 : TSITSINATELA 22h00 : POLYKROM 22h45 : A\u00cfDEO Ziambe O Asimbonanga Couleur Caf\u00e9 Les p&#8217;tits caf\u00e9s J&#8217;veux du soleil T&#8217;as beau pas \u00eatre beau Les mains [&hellip;]<\/p>\n","protected":false},"author":3,"featured_media":0,"template":"","meta":{"_tribe_events_status":"","_tribe_events_status_reason":"","footnotes":""},"tags":[],"tribe_events_cat":[167],"class_list":["post-3347","tribe_events","type-tribe_events","status-publish","hentry","tribe_events_cat-concert-aideo","cat_concert-aideo"],"_links":{"self":[{"href":"https:\/\/www.chorale-aideo.fr\/index.php\/wp-json\/wp\/v2\/tribe_events\/3347","targetHints":{"allow":["GET"]}}],"collection":[{"href":"https:\/\/www.chorale-aideo.fr\/index.php\/wp-json\/wp\/v2\/tribe_events"}],"about":[{"href":"https:\/\/www.chorale-aideo.fr\/index.php\/wp-json\/wp\/v2\/types\/tribe_events"}],"author":[{"embeddable":true,"href":"https:\/\/www.chorale-aideo.fr\/index.php\/wp-json\/wp\/v2\/users\/3"}],"version-history":[{"count":4,"href":"https:\/\/www.chorale-aideo.fr\/index.php\/wp-json\/wp\/v2\/tribe_events\/3347\/revisions"}],"predecessor-version":[{"id":3566,"href":"https:\/\/www.chorale-aideo.fr\/index.php\/wp-json\/wp\/v2\/tribe_events\/3347\/revisions\/3566"}],"wp:attachment":[{"href":"https:\/\/www.chorale-aideo.fr\/index.php\/wp-json\/wp\/v2\/media?parent=3347"}],"wp:term":[{"taxonomy":"post_tag","embeddable":true,"href":"https:\/\/www.chorale-aideo.fr\/index.php\/wp-json\/wp\/v2\/tags?post=3347"},{"taxonomy":"tribe_events_cat","embeddable":true,"href":"https:\/\/www.chorale-aideo.fr\/index.php\/wp-json\/wp\/v2\/tribe_events_cat?post=3347"}],"curies":[{"name":"wp","href":"https:\/\/api.w.org\/{rel}","templated":true}]}}

Fête de la Musique 2023

<p>19h00 : ARIOSO</p>
<p>19h45 : EN VOITURE SIMONE</p>
<p>20h30 : LES VOIX LIEES</p>
<p>21h15 : TSITSINATELA</p>
<p>22h00 : POLYKROM</p>
<p>22h45 : AÏDEO</p>
<p>Ziambe O</p>
<p>Asimbonanga</p>
<p>Couleur Café</p>
<p>Les p&#8217;tits cafés</p>
<p>J&#8217;veux du soleil</p>
<p>T&#8217;as beau pas être beau</p>
<p>Les mains d&#8217;or</p>
<p>Eatnemen Vuelie</p>
<p>Retiens la nuit</p>
<p>Freedom</p>
<p>Ballade nord-irlandaise</p>

<p>19h00 : ARIOSO 19h45 : EN VOITURE SIMONE 20h30 : LES VOIX LIEES 21h15 : TSITSINATELA 22h00 : POLYKROM 22h45 : AÏDEO Ziambe O Asimbonanga Couleur Café Les p&#8217;tits cafés J&#8217;veux du soleil T&#8217;as beau pas être beau Les mains [&hellip;]</p>
